n divisor of 69 and 236279.
23
What is the greatest common divisor of 32310 and 150?
30
Calculate the greatest common factor of 31564 and 2301.
13
Calculate the highest common divisor of 290251 and 538.
269
Calculate the greatest common factor of 98 and 11823.
7
Calculate the greatest common factor of 292813 and 8671.
667
Calculate the greatest common factor of 133 and 186522.
7
What is the greatest common divisor of 7 and 51653?
7
What is the highest common divisor of 252 and 1147671?
63
What is the highest common factor of 354 and 14034?
6
What is the highest common factor of 185946 and 102?
102
What is the greatest common factor of 21981 and 357?
51
What is the highest common factor of 407557 and 62?
31
Calculate the highest common factor of 1225 and 20850.
25
What is the highest common factor of 499200 and 64?
64
Calculate the highest common divisor of 607504 and 2752.
688
What is the greatest common divisor of 124137 and 1053?
117
What is the greatest common factor of 51 and 8600793?
51
Calculate the greatest common factor of 16999 and 3056.
191
What is the greatest common divisor of 702464 and 4736?
128
What is the highest common factor of 10 and 77855?
5
Calculate the highest common divisor of 402619 and 113.
113
Calculate the highest common divisor of 42 and 76377.
21
What is the greatest common factor of 938604 and 258?
258
What is the greatest common factor of 26668 and 4484?
236
Calculate the greatest common divisor of 290 and 53550.
10
What is the highest common divisor of 4601673 and 18?
9
What is the highest common divisor of 158160 and 24?
24
What is the greatest common divisor of 9 and 11391?
3
Calculate the greatest common factor of 127530 and 65.
65
What is the greatest common divisor of 61390 and 98?
14
Calculate the highest common factor of 6450 and 2145270.
1290
What is the greatest common divisor of 6 and 652008?
6
Calculate the highest common divisor of 189 and 2471.
7
Calculate the highest common factor of 153440 and 64.
32
Calculate the greatest common factor of 20 and 3427110.
10
What is the highest common factor of 35472 and 4656?
48
Calculate the greatest common factor of 572 and 638924.
572
Calculate the greatest common factor of 459 and 46143.
27
What is the highest common factor of 128 and 62272?
64
What is the greatest common divisor of 14721 and 42?
21
Calculate the greatest common factor of 1568 and 1428.
28
Calculate the greatest common divisor of 357 and 152745.
51
What is the greatest common factor of 258172 and 1748?
76
Calculate the highest common divisor of 53588 and 4.
4
Calculate the highest common factor of 4271 and 252.
1
What is the greatest common factor of 20 and 11045?
5
Calculate the highest common factor of 3 and 468393.
3
What is the highest common factor of 4516 and 9?
1
Calculate the highest common factor of 272 and 3058096.
272
Calculate the greatest common factor of 21540 and 180.
60
What is the greatest common divisor of 594 and 1191069?
99
What is the greatest common divisor of 30355 and 1326?
13
What is the highest common divisor of 155498 and 3248?
406
Calculate the highest common factor of 55380 and 1170.
390
What is the highest common divisor of 1776 and 141858?
222
Calculate the highest common divisor of 20 and 37270.
10
What is the greatest common factor of 5222 and 1372?
14
Calculate the greatest common factor of 13 and 4122001.
13
What is the highest common divisor of 345 and 1247865?
345
What is the greatest common factor of 402 and 20301?
201
What is the highest common factor of 15325 and 2025?
25
What is the greatest common factor of 24 and 531948?
12
Calculate the highest common factor of 16 and 4841968.
16
What is the highest common factor of 405 and 270405?
135
Calculate the highest common factor of 2160 and 3280.
80
Calculate the greatest common divisor of 2394 and 5706.
18
Calculate the highest common divisor of 4152 and 260711.
173
What is the highest common factor of 2117056 and 16?
16
Calculate the greatest common factor of 625 and 214825.
25
Calculate the highest common divisor of 4496 and 688.
16
What is the highest common divisor of 261794 and 104?
26
Calculate the greatest common factor of 19854 and 18.
18
What is the greatest common factor of 460 and 1702?
46
Calculate the greatest common factor of 11524 and 4.
4
What is the highest common factor of 29 and 3756341?
29
Calculate the greatest common factor of 156193 and 23.
23
Calculate the highest common factor of 10666060 and 10.
10
What is the highest common divisor of 45 and 5767665?
15
What is the greatest common divisor of 4313766 and 626?
626
Calculate the highest common factor of 54496 and 128.
32
What is the highest common divisor of 1108 and 562310?
554
What is the greatest common factor of 3084 and 350291?
257
What is the highest common divisor of 9103201 and 379?
379
What is the highest common divisor of 198 and 63108?
18
What is the greatest common factor of 168 and 42492?
12
What is the highest common divisor of 34895 and 1015?
35
What is the greatest common divisor of 66158 and 190?
38
Calculate the highest common factor of 1116 and 89532.
36
Calculate the greatest common divisor of 40536 and 48.
24
Calculate the highest common factor of 33996 and 84.
12
Calculate the highest common factor of 1937 and 923.
13
What is the greatest common divisor of 160 and 1120?
160
What is the greatest common divisor of 42662 and 498?
166
Calculate the highest common divisor of 631 and 1916.
1
What is the greatest common factor of 51792 and 2808?
312
What is the highest common divisor of 24 and 5248?
8
Calculate the greatest common divisor of 61 and 1609729.
61
What is the greatest common divisor of 16952 and 1352?
104
Calculate the greatest common divisor of 11697 and 777.
21
Calculate the highest common divisor of 140400 and 750.
150
What is the greatest common factor of 61268 and 1696?
212
Calculate the highest common factor of 76932 and 36.
36
Calculate the greatest common divisor of 224 and 37216.
32
What is the highest common divisor of 7923 and 11229?
57
Calculate the highest common divisor of 3905 and 69729.
11
Calculate the greatest common divisor of 200216 and 232.
232
What is the highest common factor of 155385 and 18?
9
Calculate the highest common divisor of 46369 and 1042.
521
Calculate the greatest common divisor of 3 and 822.
3
What is the highest common factor of 589970 and 10?
10
Calculate the greatest common factor of 6540 and 145260.
60
Calculate the greatest common factor of 931 and 53263.
49
What is the greatest common divisor of 230 and 228505?
115
Calculate the highest common factor of 51 and 1007709.
51
Calculate the greatest common factor of 18025 and 412.
103
What is the highest common divisor of 2299065 and 15?
15
Calculate the highest common factor of 52 and 5972980.
52
What is the greatest common divisor of 1609841 and 5033?
719
Calculate the greatest common factor of 90 and 1270.
10
Calculate the highest common factor of 848188 and 592.
148
Calculate the greatest common factor of 20889 and 324.
9
What is the highest common factor of 3094 and 2275?
91
What is the highest common divisor of 48083 and 14?
7
What is the greatest common factor of 90831 and 1599?
39
What is the highest common factor of 1876 and 73633?
469
What is the highest common divisor of 9 and 361?
1
What is the greatest common divisor of 942084 and 396?
396
Calculate the highest common factor of 590 and 721983.
59
Calculate the greatest common factor of 32 and 776144.
16
Calculate the greatest common divisor of 110 and 20530.
10
What is the greatest common factor of 2928 and 720?
48
What is the greatest common factor of 776 and 2930176?
776
What is the greatest common divisor of 441 and 558243?
63
Calculate the highest common factor of 271042 and 1166.
106
What is the highest common factor of 891068 and 356?
356
Calculate the greatest common factor of 498 and 135539.
83
Calculate the greatest common factor of 297 and 780516.
297
What is the greatest common factor of 76878 and 90?
18
What is the greatest common factor of 297275 and 14053?
1081
What is the highest common factor of 59724 and 1890?
378
What is the greatest common divisor of 7125 and 8025?
75
What is the highest common divisor of 12478 and 19584?
34
Calcu